- -9))?
-2
Calculate 1 + -4 - -7 - (0 + -2).
6
What is the value of (3 - 4 - 1) + 3 + 6?
7
What is the value of 2 + (6 - (12 + -1))?
-3
Calculate (2 + -5 - 6) + 5.
-4
What is (-1 - -5 - 1) + (-5 - -3)?
1
Calculate (-13 - -8) + 1 + (-1 - -11).
6
Evaluate -3 - -1 - (-2 - 0).
0
What is the value of -5 - (-7 + 8 + -4)?
-2
Evaluate 4 - (3 - (-4 + 0)).
-3
9 + (-2 - 4 - -5)
8
What is 17 + 11 + -17 + -4?
7
(0 - 3) + 40 + -40
-3
Calculate 2 + (2 - (1 + 0) - -2).
5
Evaluate 4 - (-14 - -10) - 15.
-7
What is (-2 - 0 - 0) + -2?
-4
What is (-12 - -5 - (6 + -12)) + -3?
-4
Evaluate 2 + -3 + 0 + (-24 - -30).
5
Calculate 0 + -2 + (-2 + 0 - 1).
-5
What is -4 - (-4 - (-1 - 1))?
-2
Calculate 4 + (6 - (14 - (-4 + 2))).
-6
Calculate 3 + 1 + (30 - 33).
1
Calculate 11 - (5 - (-2 + 2)).
6
Calculate 1 - 6 - (3 + -1 - 5).
-2
Evaluate -21 + 15 - (1 - 4 - 3).
0
Evaluate (9 - (5 - 4)) + -1.
7
Evaluate (7 - 14 - 2) + 6.
-3
Calculate (-8 - -8) + 0 + 2 + -6.
-4
Evaluate (0 - 2 - (5 - 5)) + 4.
2
Calculate 1 + -6 + 3 + 3 - 3.
-2
What is 6 + -2 + 0 - 7 - 0?
-3
What is -4 + 13 + (-2 - 1) + -3?
3
What is the value of -13 + (-1 - (-12 + -6))?
4
Calculate 1 - 1 - 3 - 0.
-3
What is the value of 1 + -3 - -7 - (12 + -3)?
-4
What is -8 + -4 + 21 + (-9 - -3)?
3
Evaluate 12 - (-7 - -10 - -9).
0
Evaluate -35 - -29 - (-5 - 0).
-1
What is 11 + -10 + 0 + -4 + 7?
4
Evaluate (-10 + 0 - -6) + 6 + -5.
-3
-2 + (-6 - -6) + 2 + 0
0
What is (-4 - -1) + 3 + -1 + -4?
-5
Calculate 4 - (11 - 1) - -2.
-4
What is the value of (0 - 5) + (0 - (-10 + 9))?
-4
What is the value of -2 + (-14 - -11 - -10)?
5
-2 + -13 + (5 - -2) - -15
7
Calculate 14 + 0 + (-31 - -24) + -6.
1
Evaluate 7 + (4 - (12 + -7)) + -1.
5
Calculate -2 - (1 - 6) - (-114 + 121).
-4
-16 - (-4 - 4) - -4
-4
Calculate 4 + 5 + -1 + -8.
0
What is the value of -8 + (0 + 3 - 0)?
-5
What is the value of -10 + 3 + 5 + 0?
-2
Evaluate 5 - (2 - 7 - -4).
6
Evaluate 2 + -6 + 2 + 2.
0
What is (1 - 1) + -9 - -14?
5
What is the value of (4 - 0) + (2 - 1)?
5
Calculate -2 + 4 - (-24 - -34).
-8
What is 0 + 0 - ((-8 - -2) + 5)?
1
What is the value of -7 - (11 - (19 - 1))?
0
-8 - (-8 - (-6 + 1))
-5
What is the value of (4 - (8 + -6)) + 4?
6
Calculate -6 - (-1 - (-5 - -1 - -2)).
-7
Evaluate 5 + 1 - (9 + 6 + -2).
-7
-5 + (-8 - -4 - -5) - -2
-2
Evaluate -5 - -7 - (-3 - -1).
4
Calculate -3 + (2 - (7 + -3)).
-5
What is the value of (-2 - 1) + 54 + -55?
-4
Evaluate (17 - 14) + -7 + 0 + 1.
-3
What is 3 + -9 + -4 + 8?
-2
1 + 2 - (15 - 14)
2
What is the value of -9 + -3 + 13 + 8?
9
Evaluate 5 - (4 + -2) - 2.
1
What is the value of 0 + -4 - (-137 - -134)?
-1
What is (-2 - 7) + 4 - (-3 - -1)?
-3
Evaluate 2 - 5 - (2 - 0).
-5
What is the value of -4 + 2 + -1 + 1?
-2
Evaluate 3 - (10 + 1 + -8).
0
What is -24 + (2 - -18) + 1 + -3?
-6
What is the value of 8 + (1 - 5 - 1)?
3
What is -3 + -2 - (-5 + 0)?
0
2 - (4 + -6 - (8 - 7))
5
Calculate -30 + 31 + (2 - -5) + -2.
6
Calculate -6 - -4 - (0 + (3 - 0)).
-5
Calculate -3 + (6 - 3) + 2 + -6.
-4
Evaluate 2 - -5 - 5 - -2.
4
Calculate -9 - -4 - (-3 + -10).
8
Evaluate -5 - (2 - (3 + 1 + 0)).
-3
Calculate 2 + -8 + 8 + -1.
1
What is the value of (0 - -1) + -5 - (4 + -8)?
0
(-25 - -34) + (-9 - (0 - -3))
-3
(8 - 2) + (-15 - -6) + 1
-2
What is 0 - 2 - -2 - (-1 + 4)?
-3
What is 0 - (-6 - (-17 + 1 + 6))?
-4
What is the value of (0 - 4) + (-11 - -10)?
-5
Calculate (1 - (-2 + 7)) + 4.
0
Calculate -6 + (8 - -5) + -7.
0
What is 10 - (2 + (2 - -9))?
-3
(-7 - 1) + -10 + 9
-9
2 + -6 + (3 - -1) - 1
-1
Evaluate 1 - (1 + (4 - 6)).
2
Evaluate 3 + -2 + -6 + 10.
5
What is the value of 1 + -1 - (-12 + 12) - 5?
-5
What is -7 - ((6 - 2) + -3 - 3)?
-5
What is the value of -6 - (2 - 1) - -5?
-2
-6 - (0 + -10 + 7)
-3
What is 5 + 3 - (36 - 21)?
-7
What is the value of 1 + (10 - 3 - (21 + -4))?
-9
(-4 - 6) + 9 + -5
-6
Calculate 8 + (1 - 3) - 0.
6
Calculate (9 - 6) + 1 + -7.
-3
What is the value of -4 + 0 + 4 + -9 + 1?
-8
-1 + (3 - 0) - (-13 - -16)
-1
What is -11 + (-11 - -11 - -1)?
-10
What is (8 - 8) + 3 + -1 + -3?
-1
Evaluate 12 - 10 - (-1 + -1 + 6).
-2
What is (7 + (2 - 5) - 2) + 3?
5
What is the value of -9 + 3 - (5 - (8 + 2))?
-1
2 + -4 - (-1 - -1 - 1)
-1
Evaluate -2 + 7 - ((15 - 1) + -4).
-5
-1 + 5 + (-4 - 5) + 1
-4
Calculate (1 - 7) + (-2 - -6).
-2
(1 - 0 - 3) + -1 + -2
-5
Evaluate 2 + (5 - 6 - -4) + -10.
-5
What is the value of 0 - -13 - 8 - 8?
-3
What is 0 + -1 + 2 - (-3 + 3)?
1
0 - 1 - (-1 - -3)
-3
What is the value of (-4 - -6 - -1) + 0?
3
What is the value of -4 + 4 + 4 + 0?
4
What is the value of 9 + -28 + (8 - -4)?
-7
What is the value of 2 - -9 - 4 - 6?
1
What is 1 + (3 - 4) - -2?
2
Calculate 18 + -24 - (0 - 1).
-5
-3 - ((-3 - -7) + (-6 - -2))
-3
What is the value of 1 - -8 - (9 - 5) - 8?
-3
Calculate 6 + 1 + (-7 - -2).
2
Calculate 0 - (3 + -9) - 7.
-1
What is the value of -2 - (-1 + 4 + (6 - 6))?
-5
What is the value of -4 + (-2 - -4) + 1 - 2?
-3
Evaluate 5 + (5 + -6 - 3 - 6).
-5
Evaluate (8 + -1 - 11) + 2 + -3.
-5
Evaluate -4 + (2 - (1 - -3 - 3)).
-3
What is the value of 2 + 2 + 2 + 14 + -24?
-4
Evaluate -2 - (-2 + 0 + 0 + 2).
-2
What is -5 + (-5 - (1 + -6 + -1))?
-4
What is the value of 280 - 279 - (-5 + 0)?
6
What is 4 + -8 - (-6 - -2) - -3?
3
-4 + (4 - 0) - (2 + -7)
5
What is the value of 3 + 2 + (1 - -2) + -9?
-1
What is -12 - (-9 - (5 - 10))?
-8
What is 8 - 6 - (1 - (-2 - 2))?
-3
Calculate 1 + 4 + (0 - 4 - 3).
-2
Calculate 0 + (6 - 4 - 0).
2
Calculate -7 + -10 + 20 + -10.
-7
6 + -20 + 6 + 4
-4
What is the value of (-4 - -2) + (4 - 1) - -2?
3
What is the value of 3 + 6 - 4 - (-2 + 6)?
1
Calculate 1 - (-1 + -3) - 3.
2
What is the value of (26 - 16) + (0 + -1 - 2)?
7
Calculate 3 + 5 + -5 + 1.
4
-1 - ((6 - -5) + -2)
-10
5 - (7 + -5 + -2)
5
Calculate -1 - -2 - (-11 + 5 - -9).
-2
What is the value of -3 + (-4 - -8) + (-4 - -1)?
-2
(-1 - (2 + -2)) + 3 + 0
2
What is the value of -1 + 6 - (-23 - -12 - -23)?
-7
(-2 - (0 - (-3 - -1))) + 1
-3
Calculate -7 - (5 + -13 + -4).
5
What is 11 + -1 + (6 - 11) + -3?
2
What is 3 + -22 + 7 - (-6 + 1)?
-7
What is the value of 2 + -9 + (-1 - -1) + 3?
-4
What is -10 - (-1 + (1 - 5))?
-5
Evaluate (-3 - -1) + (-1 + 0 - -4).
1
Calculate -2 + 6 - (5 - 4).
3
2 - 6 - (4 + -10)
2
Calculate -5 + -11 + 11 + 15.
10
Evaluate -14 + 15 + (-1 - -4) - 1.
3
What is -7 - (6 + -4 + -5)?
-4
(1 - (-3 - 2)) + -2
4
Evaluate (-42 - -42) + (1 - -1).
2
Calculate -7 + -4 + 9 - (0 + 0).
-2
(9 - 4 - -2) + 1
8
Evaluate -3 - (-2 + (0 - 1)).
0
Calculate (-12 - -15) + -2 + 7.
8
What is 6 + 4 + -5 + (-3 - 2)?
0
What is the value of -1 - (0 - (5 + (1 - 2)))?
3
(33 - 46) + (1 - -6)
-6
-28 - -18 - (-16 - 0)
6
What is the value of 1 + -10 + 7 + 8?
6
Evaluate (1 - 3) + 0 - (-1 - -1).
-2
-4 + (5 - (6 - 1))
-4
What is 13 - (5 + 2 + 1)?
5
Calculate 10 - (-6 + 12) - 1.
3
Evaluate -192 - -189 - (7 + (0 - 2)).
-8
What is the value of (-5 - 4 - -5) + 1?
-3
Calculate -4 - (-1 + 1 - 11 - 0).
7
What is -3 + 3 + -7 - -6?
-1
What is the value of (4 - 2 - 3) + -1 + -1?
-3
Calculate (5 - 1) + -7 + -1.
-4
What is the value of 0 + 0 - (11 + 1 + -6)?
-6
-3 - -5 - ((-1 - 0) + -1)
4
(0 - 5) + 0 + 7
2
Evaluate 4 + -2 + 2 + (-1 - 2).
1
(3 - 1) + -3 + 7 + -7
-1
Evaluate 0 - (0 - 6 - -1).
5
Evaluate 1 - ((9 - 5) + -11).
8
What is the value of -11 - -11 - (0 + 1)?
-1
-2 + (6 + -9 - (-4 + 2))
-3
Evaluate 3 + 5 + (0 + -1 - 3).
4
4 - ((-4 - -2) + 2)
4
What is 2 - (2 - (-1 + 0 - -1))?
0
What is 0 + -1 - -4 - 5?
-2
Evaluate (-5 - (-5 + (-6 - -18))) + 6.
-6
What is (0 - (5 - 1)) + -1?
-5
What is the value of 17 - (1 - 0) - (33 + -25)?
8
-2 - 2 - (-5 - (3 - 6))
-2
What is (-2 - (2 + -2)) + (6 - 0)?
4
What is the value of 2 + (-1 - -4 - (1 + 6))?
-2
3 + -16 + 11 - 1
-3
What is the value of -1 + 3 - (87 - 91)?
6
(2 - 5) + 1 + -7
-9
What is -5 + 1 - (1 - 3)?
-2
7 - 13 - (-2 - -1)
-5
Calculate 3 + 2 - 0 - 0.
5
What is 1 + -3 + 0 + 7 + -1?
4
What is the value of -3 + (-10 - (-7 + 2))?
-8
What is the value of (-2 - 0 - 2) + 1?
-3
What is the value of 0 + -4 + 0 + 6?
2
What is the value of (2 - (0 + 0)) + (6 - 6)?
2
Evaluate 10 - (-6 + 16) - (5 + -1).
-4
Evaluate (-16 - (12 - 24)) + (-2 - 0).
-6
What is 2 - (-3 + 18 + (-2 - 1))?
-10
(7 + -16 - -8) + -4
-5
What is the value of (-1 - (1 + -3)) + 1?
2
Evaluate -7 + 3 + 10 + -6.
0
-14 - (-14 + 17 + -8)
-9
Calculate 3 - -2 - 7 - 1.
-3
What is the va